?
True
Is 3345216 a multiple of 608?
True
Is 1587957 a multiple of 21?
True
Is 510 a factor of 2929950?
True
Does 250 divide 22913?
False
Is 13302 a multiple of 49?
False
Does 1022 divide 4605182?
False
Is 460365 a multiple of 47?
True
Is 351546 a multiple of 39?
True
Does 8 divide 372981?
False
Is 485646 a multiple of 7?
True
Is 14 a factor of 89233?
False
Is 14 a factor of 527324?
True
Is 49 a factor of 424373?
False
Does 31 divide 1181253?
False
Does 5 divide 125027?
False
Does 30 divide 171746?
False
Is 194 a factor of 1543270?
True
Is 49 a factor of 189434?
True
Is 81505 a multiple of 5?
True
Is 422792 a multiple of 82?
True
Does 99 divide 431691?
False
Is 509 a factor of 1036706?
False
Does 135 divide 337500?
True
Is 27 a factor of 183440?
False
Does 17 divide 242075?
False
Is 3738810 a multiple of 78?
False
Is 3295519 a multiple of 269?
True
Is 7 a factor of 782920?
False
Is 118 a factor of 257203?
False
Is 1310333 a multiple of 15?
False
Is 1527768 a multiple of 396?
True
Does 759 divide 4084179?
True
Is 15744295 a multiple of 922?
False
Is 3430553 a multiple of 85?
False
Is 505 a factor of 81058?
False
Does 1084 divide 3040093?
False
Is 6 a factor of 100029?
False
Does 59 divide 24957?
True
Is 5960369 a multiple of 355?
False
Is 100602 a multiple of 81?
True
Is 10 a factor of 24010?
True
Does 8 divide 8664?
True
Does 44 divide 469331?
False
Does 6 divide 9845496?
True
Is 287 a factor of 3638339?
False
Is 37915 a multiple of 5?
True
Is 22 a factor of 908050?
True
Is 21872 a multiple of 21?
False
Is 2723656 a multiple of 13?
True
Is 55737 a multiple of 99?
True
Is 238453 a multiple of 688?
False
Does 6 divide 818346?
True
Does 11 divide 7221592?
False
Does 1449 divide 2732814?
True
Is 17 a factor of 2079081?
False
Is 15758688 a multiple of 528?
True
Is 46 a factor of 1201428?
True
Is 28 a factor of 182644?
True
Is 913320 a multiple of 531?
True
Is 23 a factor of 139564?
True
Does 213 divide 185883?
False
Is 325 a factor of 66625?
True
Does 8 divide 1332960?
True
Does 335 divide 1290755?
True
Is 17 a factor of 32492897?
False
Does 190 divide 7562?
False
Does 15 divide 4441014?
False
Is 19 a factor of 66956?
True
Is 456380 a multiple of 38?
True
Is 16 a factor of 46878?
False
Does 73 divide 102419?
True
Does 29 divide 145812?
True
Is 10 a factor of 9497060?
True
Is 316224 a multiple of 6?
True
Is 103662 a multiple of 9?
True
Does 803 divide 4648978?
False
Is 163 a factor of 506604?
True
Does 4 divide 78537?
False
Is 564234 a multiple of 121?
False
Does 3 divide 148475?
False
Is 591965 a multiple of 19?
False
Is 1255 a factor of 5456636?
False
Is 38 a factor of 156332?
True
Is 13009880 a multiple of 1651?
True
Does 1119 divide 577404?
True
Is 97 a factor of 162281?
True
Is 50 a factor of 339600?
True
Is 515 a factor of 16050977?
False
Is 3389674 a multiple of 36?
False
Does 173 divide 992374?
False
Is 353 a factor of 204034?
True
Is 80694 a multiple of 5?
False
Does 422 divide 2391474?
True
Is 49 a factor of 204918?
True
Does 4 divide 6090?
False
Does 24 divide 3461976?
True
Is 8 a factor of 77770?
False
Is 1430962 a multiple of 94?
True
Is 3828610 a multiple of 19?
False
Is 44 a factor of 484704?
True
Is 1751956 a multiple of 15?
False
Is 285649 a multiple of 91?
True
Does 49 divide 38759?
True
Is 5921472 a multiple of 8?
True
Does 43 divide 1877509?
True
Does 222 divide 11688966?
True
Does 27 divide 440127?
True
Does 1695 divide 1020390?
True
Is 13 a factor of 9030110?
False
Is 3255425 a multiple of 18?
False
Is 5 a factor of 192015?
True
Does 577 divide 1680801?
True
Is 440151 a multiple of 23?
True
Does 767 divide 9286282?
False
Is 481036 a multiple of 46?
False
Does 14 divide 216568?
False
Is 5344596 a multiple of 68?
True
Is 12680 a multiple of 141?
False
Is 385645 a multiple of 13?
True
Does 12 divide 58428?
True
Is 137 a factor of 5126668?
False
Is 8788293 a multiple of 364?
False
Is 104 a factor of 39520?
True
Is 7923138 a multiple of 789?
True
Does 16 divide 110954?
False
Does 2510 divide 2245620?
False
Does 276 divide 846768?
True
Is 33878 a multiple of 38?
False
Is 15 a factor of 56805?
True
Does 232 divide 499728?
True
Does 152 divide 108897?
False
Is 10179972 a multiple of 66?
True
Does 10 divide 3615895?
False
Does 525 divide 194395?
False
Is 367 a factor of 13694975?
False
Does 34 divide 222768?
True
Is 3312892 a multiple of 748?
True
Does 87 divide 112230?
True
Is 342 a factor of 163836?
False
Does 117 divide 267449?
False
Does 115 divide 567525?
True
Is 106 a factor of 21328?
False
Is 143 a factor of 883454?
True
Does 6 divide 1570866?
True
Is 4946224 a multiple of 1552?
True
Is 6123395 a multiple of 47?
True
Is 649741 a multiple of 541?
True
Is 176657 a multiple of 107?
True
Is 67 a factor of 25707?
False
Is 382032 a multiple of 379?
True
Is 70 a factor of 290290?
True
Is 728 a factor of 1568112?
True
Is 26 a factor of 234701?
False
Is 231087 a multiple of 131?
False
Does 659 divide 149593?
True
Is 202370 a multiple of 343?
True
Is 13290 a multiple of 32?
False
Is 15 a factor of 29236?
False
Does 343 divide 123268?
False
Is 59 a factor of 395772?
True
Does 2 divide 908441?
False
Is 3062904 a multiple of 19?
False
Does 168 divide 1478332?
False
Is 200130 a multiple of 10?
True
Is 62 a factor of 152272?
True
Is 24894 a multiple of 33?
False
Does 563 divide 69812?
True
Is 72 a factor of 1771582?
False
Is 1206656 a multiple of 22?
True
Is 13 a factor of 4561613?
False
Is 182 a factor of 397670?
True
Is 376968 a multiple of 7?
False
Is 39039 a multiple of 91?
True
Does 64 divide 11650378?
False
Is 14570644 a multiple of 418?
True
Does 346 divide 4050434?
False
Does 402 divide 963192?
True
Is 10 a factor of 29029?
False
Does 951 divide 5202921?
True
Does 4 divide 188?
True
Does 9 divide 9213208?
False
Does 19 divide 25736261?
False
Is 1439041 a multiple of 37?
True
Is 40 a factor of 2913183?
False
Is 66 a factor of 5634156?
True
Is 12 a factor of 94668?
True
Is 16314 a multiple of 57?
False
Is 65312 a multiple of 32?
True
Is 86 a factor of 23478?
True
Does 12 divide 137510?
False
Is 25790 a multiple of 10?
True
Does 100 divide 488326?
False
Is 1275946 a multiple of 429?
False
Does 148 divide 68672?
True
Is 198720 a multiple of 69?
True
Is 14637502 a multiple of 289?
False
Is 453 a factor of 826272?
True
Does 93 divide 12371232?
True
Is 44 a factor of 2174360?
False
Is 2337395 a multiple of 29?
False
Is 68322 a multiple of 354?
True
Is 30 a factor of 79470?
True
Is 2515 a factor of 31425753?
False
Is 64 a factor of 155840?
True
Is 1048 a factor of 621464?
True
Is 5906475 a multiple of 225?
True
Is 7127847 a multiple of 33?
False
Is 239 a factor of 4745802?
False
Does 92 divide 146484?
False
Is 13 a factor of 119951?
True
Is 14 a factor of 12733433?
False
Does 47 divide 232838?
True
Is 1326812 a multiple of 365?
False
Is 42 a factor of 5262568?
False
Does 26 divide 5938426?
True
Is 7495875 a multiple of 675?
True
Does 25 divide 162664?
False
Does 837 divide 15565369?
False
Is 2915277 a multiple of 888?
False
Is 263001 a multiple of 58?
False
Is 28 a factor of 805056?
True
Is 55444 a multiple of 49?
False
Does 409 divide 5843984?
False
Is 1932208 a multiple of 84?
False
Is 7 a factor of 116213?
False
Does 10 divide 296030?
True
Is 21489 a multiple of 4?
False
Is 82016 a multiple of 11?
True
Is 11 a factor of 30459?
True
Is 58164 a multiple of 111?
True
Does 319 divide 60929?
True
Does 6 divide 62910?
True
Is 2832775 a multiple of 6?
False
Does 2 divide 16338?
True
Does 366 divide 11965638?
True
Is 282267 a multiple of 31?
False
Is 10 a factor of 201663?
False
Does 31 divide 242177?
False
Is 12 a factor of 374494?
False
Does 58 divide 3365566?
True
Does 30 divide 1552259?
False
Is 10148250 a multiple of 913?
False
Is 26 a factor of 73948?
False
Does 18 divide 1749892?
False
Is 61699 a multiple of 79?
True
Does 581 divide 1995154?
True
Is 402 a factor of 223110?
True
Does 19 divide 2066328?
False
Is 1558190 a multiple of 51?
False
Is 19 a factor of 981457?
False
Does 218 divide 31693?
False
Does 156 divide 243048?
True
Does 19 divide 281086?
True
Does 126 divide 686322?
True
Is 15 a factor of 75795?
True
Is 636 a factor of 177066?
False
Is 45304 a multiple of 156?
False
Is 51 a factor of 11567592?
False
Does 2 divide 62670?
Tr